is the units digit of y?
3
Suppose 713151 = 146*g - 85*g. What is the ten thousands digit of g?
1
Let w = 17519 + 13417. What is the thousands digit of w?
0
Let d = -5552 - -44868. What is the units digit of d?
6
Suppose -11*x - 33077 = -22*x. Let l = x + -2146. What is the hundreds digit of l?
8
Suppose -21087 + 7535 = 11*n. Let p = n - -2069. What is the tens digit of p?
3
Let g be -303*2/(18/(-3)). Let h(y) = -3*y**2 + 10*y. Let t be h(5). Let k = t + g. What is the tens digit of k?
7
Suppose 0 = -2*y + 3*m - 23 + 24, -y - m = -8. Suppose -2*r + r = -y*i - 597, 3*r = 5*i + 1821. What is the tens digit of r?
1
Suppose -5*m - 165*i = -164*i - 20511, -5*i = -3*m + 12273. What is the tens digit of m?
0
Suppose 4286 = n + 4*l, -9*l = 2*n - 11*l - 8622. What is the tens digit of n?
0
Let n = 39 - 36. Suppose n*c + 9 = 24. What is the tens digit of (-2)/10 + 151/c?
3
Let o = 1515 - 854. What is the hundreds digit of o?
6
Suppose s = -3*u + 7, -2*s = -4*s + u. Let w be ((-2*3)/2)/(s/71). What is the units digit of w/(-2) - (-9)/6?
8
Let j(d) = d**3 + 40*d**2 - 66*d - 27. Let g be j(-42). Let h = g - -1479. What is the units digit of h?
6
Let w = -57 - -57. Let f(r) = -r**2 + r + 5. Let z be f(w). Suppose 3*u = z*u - 100. What is the units digit of u?
0
Let n(j) = -j**2 - j + 10. Let b be n(3). Let y be (0 + b)*13 - -4. Let x = y + 48. What is the units digit of x?
6
Let t(f) = -2*f**2 - 5*f + 3. Let y be (-65)/(-10) + (-9)/6. Let r be t(y). What is the tens digit of ((-12)/(-9))/((-2)/r)?
4
Let g(q) = 28*q**2 + 12*q - 10. Let i(l) = 2*l**2 - 7*l + 11. Let h be i(2). What is the tens digit of g(h)?
5
Let m(t) = 6*t**2 + 62*t - 468. What is the thousands digit of m(-60)?
7
Let g(b) = b + 24. Let v be g(-4). Suppose 8*w + v = 13*w. Suppose w*u - 5*u = -39. What is the units digit of u?
9
Let b(m) = 2818*m**2 - 4*m + 2. Let z be b(1). Suppose 3*q = -8*q + z. What is the tens digit of q?
5
Suppose -19*c = 131 - 435. Let z(m) = 40*m - 91. What is the tens digit of z(c)?
4
Let b = 3 - -1. Suppose 5*f = -3*a + 4*a + 20, 3*f + 11 = -b*a. Suppose 0 = -f*i - 6*i + 1368. What is the hundreds digit of i?
1
What is the hundreds digit of ((-153775)/(-15) + 6 + -1)/((-1)/(-3))?
7
Let s(l) = l**3 - 4*l**2 + 2*l + 5. Let w = 20 + -5. Let k be (25/w)/(5/18). What is the units digit of s(k)?
9
Let n = 220588 - 136033. What is the units digit of n?
5
Let t = 3 + 12. Let o be ((-192)/(-14 + -2))/2. Suppose -t*d = -o*d - 729. What is the tens digit of d?
8
What is the tens digit of (-12491)/2*((-2)/4)/(27/108)?
9
Let i be (3 - 3) + 0 + 3. Suppose 2*n + 48 - 346 = -i*z, -z - 5*n + 95 = 0. Let r = z + -40. What is the tens digit of r?
6
Let m(v) = -v**3 - 13*v**2 + 2*v + 37. Let g be m(-7). Let x = -3 - g. What is the tens digit of x?
6
What is the units digit of 364456160/5432 + 0 + (16/(-7) - -2)?
4
Let n be (-14)/(-7) + -1 + 1091. What is the thousands digit of 52/(8*7/n)?
1
Let d be 274 - -5*(2 - (-36)/(-15)). Let x = d + -92. What is the hundreds digit of x?
1
Suppose 2*d + 27 = -81. Let q = d + 49. What is the tens digit of 1/(-3)*q/(15/441)?
4
Suppose 3*o = y + 6*o - 4098, -2*y + 8208 = 3*o. What is the units digit of y?
0
Suppose -1 = -3*r + 2. Let k be ((-72)/108)/((-1)/12). What is the units digit of (r - (-64)/(-1))*k/(-6)?
4
Suppose 23*p + 54 = -61. What is the units digit of (3 + -1267)*(30/8)/p?
8
What is the hundreds digit of -10 - (6/69 - 31303692/1081)?
9
Let z(a) = -3*a**2 + 95*a + 4. Let q be z(30). Let h = q - -69. What is the tens digit of h?
2
Suppose 0 = 14*x - 2*x + 2556. What is the units digit of ((-24)/(-10))/(x/(-7810))?
8
Suppose -134684 = -4*z - 2*m, z - 20231 = 5*m + 13484. What is the hundreds digit of z?
6
Let l = 44391 - 29358. What is the tens digit of l?
3
Let l(a) = 2*a + 24. Let j be l(-10). Suppose -y - 6 = 5*m + 17, -j*y = -m - 13. Suppose s - p + 83 = 3*s, -p - 85 = -y*s. What is the tens digit of s?
4
What is the thousands digit of 4454/(-393)*(-2)/((-2)/(-411))?
4
Let w(l) = l**3 - 81*l**2 - 4 + 79*l**2 + 7*l - 2*l. Suppose -3*v = -6*v + t + 20, 2*t = v - 15. What is the units digit of w(v)?
6
Let y(h) = -h**3 - 37*h**2 - 34*h + 85. Let a be y(-36). Let m(l) = 39 + 7*l - 2*l + 6*l. What is the units digit of m(a)?
2
Let y(x) = -6*x - 26. Let g be y(-5). Let l be (24/5)/((-6)/20). What is the tens digit of (-30)/(70/l + g)?
8
Let p(y) = y - 1. Let s be p(3). Suppose -5*w = 3 + s, 3*c - 152 = 5*w. What is the units digit of 4494/c - (-4)/14?
2
Suppose 0 = 24*z - 22017 - 2943. Let i = z - 592. What is the hundreds digit of i?
4
Let v = 12 - 12. Suppose 1 = -3*g + 31. Suppose v = g*w + 44 - 1404. What is the units digit of w?
6
Let j(q) = -12 - 4*q + 5*q**2 - 2*q**2 + 29*q - 5*q**2. Let w be j(11). What is the units digit of 474/8 - w/84?
9
Let k(i) = -i + 2. Let h be k(-4). Let b(q) = -q + 9. Let m be b(h). Suppose -m = 3*c, -2*p = 5*c - 211 + 62. What is the units digit of p?
7
Suppose -u + t + 37177 = 0, -726*t + 728*t + 148706 = 4*u. What is the thousands digit of u?
7
Let a = 9585 - 6410. What is the thousands digit of a?
3
Let i = 9 + -7. Suppose -3*d = 5*y + 5, -5 = -5*d + 3*y + i*y. Suppose -3*g - g + 808 = d. What is the units digit of g?
2
Suppose 4*o + 27 = -3*p, 33 = -4*o - 4*p + 1. What is the tens digit of (o - -7)/(978/(-327) - -3)?
3
Let j(b) = -3*b**3 - 12*b**2 - 14*b - 2. Let f be j(-8). Suppose -10*l - 439 = -s - 6*l, 0 = -2*s + 5*l + f. What is the units digit of s?
9
Let x be 10/2 + 7665/(-21). Let c = x - -1607. What is the thousands digit of c?
1
Let b = 8630 - 1724. What is the hundreds digit of b?
9
Let n(h) = 86*h**2 + 8*h - 118. What is the thousands digit of n(-7)?
4
Let m(c) = 877*c**2 - 24*c - 43. What is the thousands digit of m(6)?
1
What is the thousands digit of (-79593)/(-15) - 53/265?
5
What is the tens digit of 7 - (5 - 2) - (-8)/(-12)*-45759?
1
Let b(s) = s**2 + 18*s + 47. Suppose 39*t + 678 = -219. What is the hundreds digit of b(t)?
1
Suppose 124*m - 178416 - 416356 - 431824 = 0. What is the tens digit of m?
7
Let m = 458 + -55. Let b be m/4 + (-8)/(-32). Let t = 141 - b. What is the units digit of t?
0
Let s be (153/4)/(16/(-2176)). What is the units digit of 318/371 + s/(-7)?
4
Let d(z) = -z**3 - 13*z**2 - 14*z - 16. Let n be d(-12). Let y(u) = -9 + 5*u - 11 - 6*u + n. What is the units digit of y(-13)?
1
Suppose 4*r - 5*n = -7904, -n + 20 = 4*n. Let z be (-1)/(6/(-32))*r/(-36). Suppose 0 = 2*b - 7*b - 5*v + 780, -3*v = -2*b + z. What is the hundreds digit of b?
1
Let p(a) = 4*a**3 + 149*a**2 - 53*a + 38. What is the thousands digit of p(-31)?
5
Let k be 6/2 - -1 - (2 - -2). Suppose f - 14 - 227 = k. What is the units digit of f?
1
Let i(w) = 46*w + 1925. What is the tens digit of i(38)?
7
Let w = 56 + -230. Suppose 0*x + 5*x - 1670 = 0. Let q = w + x. What is the hundreds digit of q?
1
Let g = 55396 - 13555. What is the ten thousands digit of g?
4
Let g = -268 + 304. What is the tens digit of (-1)/((-4)/3138) + (-18)/g?
8
Suppose 4*p + 13*p = 51. Let q be (-4)/p - ((-32)/(-12))/(-8). What is the tens digit of 20 - (q + 9)/(-2) - -2?
2
Suppose 35*d = -3*b + 36*d + 152906, 4*b - 2*d = 203872. What is the thousands digit of b?
0
Let f(l) = 24*l**2 - 507*l - 107. What is the hundreds digit of f(41)?
4
Let i(a) = -a**3 + 72*a**2 - 35*a + 2955. What is the units digit of i(63)?
1
Suppose -12 = -4*q + 4*x, 3*x + 16 - 1 = 0. Let f be q/(-2) + (0 - 9/(-3)). Suppose 0 = f*p - 285 - 27. What is the units digit of p?
8
Suppose 0 = -9*r + r + 24. Suppose r*g + 2*p - 3681 = -2*g, -726 = -g + 3*p. What is the hundreds digit of g?
7
Suppose -x = x. Suppose -b = -2*l + 5, -l + 3*b + x*b + 15 = 0. Suppose -u - 10 + 66 = l. What is the units digit of u?
6
Suppose -6*a + 892 = 70. Let q = a + 118. What is the tens digit of q?
5
Suppose -236047 = -14*i + 232589. What is the thousands digit of i?
3
Suppose 9*u - 7*u - 2321 = -x, 3*u + 3*x = 3489. What is the thousands digit of u?
1
Suppose -5*k + 50 = -5*c, 2*c + 28 = 3*k - 2*c. Let u be k/7 - 16/(-56). Suppose 4*n + u*l + 0*l = 780, -186 = -n + 4*l. What is the tens digit of n?
9
Suppose 2*m + n - 127 = -m, 3*m - 4*n - 137 = 0. Let h = -36 + m. Suppose -h*i + 874 = 125. What is the tens digit of i?
0
Suppose 38*l = 180399 + 88337. What is the thousands digit